4))/(1/(-20)). What is r(y)?
3
Suppose -3*w = 9, -2*w + 9 = p + 19. Let a(v) = v**2 + 4*v. Give a(p).
0
Suppose -4*a - o - 34 + 1 = 0, 4*a + 4*o = -48. Let s(q) = -14 - q + q - 3*q + 4. Give s(a).
11
Let z(i) = -i**2 - 2*i + 2. Suppose 5*f - 14 = 4*y - 37, -2*y = -4*f - 16. Determine z(f).
-1
Let g(i) be the second derivative of i**3/6 - 14*i**2 + 103*i - 1. What is g(17)?
-11
Let y be (-3 + 7/3)/(2/3). Suppose 0*r + 4*z - 37 = -5*r, 0 = -2*r - 5*z + 25. Let x(p) = 3*p**2 - 1 - p + 4*p**2 - r*p**2 - 3*p**2. Give x(y).
-1
Let x(u) be the first derivative of 2/3*u**3 + 1/4*u**4 + 0*u**2 - 2*u + 15. Determine x(2).
14
Let m(h) be the first derivative of h**4/4 - 4*h**3/3 - h**2/2 + 2*h + 618. What is m(4)?
-2
Let t(k) = 7*k**3 - 3*k**2 - 5*k + 30. Let a(q) = 4*q**3 - 2*q**2 - 3*q + 15. Let g(z) = -5*a(z) + 3*t(z). What is g(0)?
15
Let g(p) be the second derivative of -p**4/12 + p**3 - 9*p**2/2 + 58*p. Determine g(11).
-64
Suppose -3*j - 5*w = 32, -w - 24 = -3*j + 2*w. Let t(c) be the first derivative of -5*c**4 - 2*c**3/3 + c**2/2 - 1. Calculate t(j).
-21
Let d(w) = 4*w**2 - 27*w - 1. Let u be d(7). Let r(b) = -2*b + 6*b**2 - 2*b**3 + 1 + b**3 + 5. Give r(u).
-6
Suppose -4*z + 9 + 23 = 0. Let i(j) = 2*j + 3*j - z*j - 6*j. Suppose 8 = -4*f - 4*u, 5*u + 2 = -13. Give i(f).
-9
Let x = -391 - -386. Let i(y) = 3*y + 6. Give i(x).
-9
Let u = -4 - -9. Suppose -u*p + 4 + 16 = 0. Let t(a) = -a**3 + 3*a**2 - a + 1. Let w(f) = f**3 - 4*f**2 + 2*f. Let y(d) = 2*t(d) + 3*w(d). Give y(p).
-14
Let c(w) = w**2 + w + 2. Let a(q) = 7*q + 5. Let s(n) = -a(n) + c(n). What is s(6)?
-3
Let o(x) = x**2 + 3*x + 2. Let f be -20 - ((6 - 3) + -1). Let t = f - -19. Let p be 4/(2 + t + 0). What is o(p)?
6
Let g(c) = -3*c + 16. Let z(u) = -2*u**2 + 35*u - 145. Let o be z(8). Calculate g(o).
-5
Let h(m) = -1 + 0 - 2 + 13065*m - 13076*m. What is h(3)?
-36
Let i be 4*(1 - -3)/16. Let x(t) be the first derivative of -t**4/3 + t**3/6 - t**2/2 + t - 2. Let z(s) be the first derivative of x(s). What is z(i)?
-4
Let f(b) be the second derivative of b**4/12 - b**3/3 - 7*b**2/2 - 9*b. Let a = -17 - -22. Calculate f(a).
8
Let s(x) = 6*x - 2. Let c(u) be the third derivative of u**4/24 - u**3/6 - 7*u**2. Let p(o) = 5*c(o) - s(o). Let d = 14 - 9. What is p(d)?
-8
Let n be ((-337)/1011)/(1 - 16/15). Suppose 0 = -3*d - 10 + 37. Let r(s) = 11*s + 13. Let l(z) = -5*z - 6. Let p(k) = d*l(k) + 4*r(k). Determine p(n).
-7
Let u(l) = 1. Let i(f) = -f**2 + f + 18. Let v(g) = i(g) - 5*u(g). Let x(j) be the first derivative of v(j). What is x(-6)?
13
Let w(g) = -2*g + 2. Let i(u) = 14*u - 12. Let r(o) = -2*i(o) - 12*w(o). Give r(-1).
4
Let l(j) = -2*j**2 + 3*j + 3. Let w = 447 + -444. What is l(w)?
-6
Let m(h) = 6*h + 22. Suppose 36*v - 35 = 41*v. Give m(v).
-20
Let k(h) = 1. Let l(w) = 7*w**2 + 14 - 24 - 8*w**2 + 8 + 5*w. Let t(j) = -2*k(j) - l(j). Give t(4).
-4
Let s(g) be the second derivative of 2*g**3/3 - 37*g**2 + 50*g. Give s(20).
6
Let n(d) = -3*d**3 - 5*d + 2. Let f(i) = 7*i**3 + i**2 + 12*i - 5. Let b(a) = -2*f(a) - 5*n(a). Calculate b(-2).
-18
Let n(q) = -q**3 - 7*q**2 + 29*q + 4. Suppose 52*k - 48*k = 3*a - 25, k - 5*a - 15 = 0. Calculate n(k).
14
Let k(o) = -o**3 + 4*o**2 + 4*o - 6. Let u(l) = -l - 7 + 15*l**2 - 5*l**2 + l**3 + 1. Let i be u(-10). Determine k(i).
10
Let v(h) = -4*h**3 - 2*h**2 + 3*h - 4. Let l(i) = 6*i**3 + 2*i**2 - 3*i + 5. Let a(q) = 4*l(q) + 5*v(q). Give a(2).
30
Let i(q) be the second derivative of 4*q**3/3 + q**2/2 + 194*q. Give i(-1).
-7
Let c(d) be the third derivative of -d**5/60 + d**4/6 + 7*d**3/6 - d**2. Suppose 2*y = 12*y - 60. Determine c(y).
-5
Let h(v) be the third derivative of 39*v**2 + 0*v**3 - 1/6*v**4 + 0*v + 0. What is h(-3)?
12
Let b be 7 + (23 + -3 + 1)/(-3). Let x(o) = -o**2 + o + 57. Give x(b).
57
Suppose -3*m - 2*m + 3*x + 85 = 0, 4*x = -20. Let b = m + -11. Suppose 3*d + o = 7, -d + 10 = -3*d + b*o. Let i(j) = 7*j. What is i(d)?
7
Let q(n) = -n**3 - 7*n**2 - 9*n - 15. Let x be q(-6). Let m(f) be the first derivative of 1/3*f**x - f - 5/2*f**2 - 6. Determine m(5).
-1
Let j(y) be the second derivative of -y**5/10 - y**4/6 + 2*y**3/3 + y**2 + 97*y. What is j(-3)?
26
Let x be (-7 + 1)*154/132 - -12. Let s(b) = b**2 - 5*b + 1. Calculate s(x).
1
Let u = -239 - -242. Let h(w) = 5*w + 2. Calculate h(u).
17
Let z(q) = -46*q + 18. Let k(x) = 8*x - 3. Let j(g) = -13*k(g) - 2*z(g). What is j(-4)?
51
Let m(f) = f + 6. Let y be m(0). Let n(o) = -o**3 + 4*o**2 + 14*o - 9. What is n(y)?
3
Let j be 5/2*6/3. Let n(f) = 2*f**3 + 3 - 1 + 3*f**2 - f**3 - 7*f**2 - 3*f. Determine n(j).
12
Let a be (-2)/(-3) + 3/9. Let u be (a + -2 - 2)*1. Let g(v) be the first derivative of v**2/2 + 2*v + 2. Determine g(u).
-1
Let u(t) be the third derivative of t**7/5040 - t**5/60 - 3*t**2. Let r(g) be the third derivative of u(g). Let p be (-5)/((-45)/3) - (-22)/6. Calculate r(p).
4
Let n = 77 + -72. Let o(b) = -8*b**2 + 19*b - 6. Let q(a) = 13*a**2 - 29*a + 9. Let w(c) = n*q(c) + 8*o(c). Suppose 0 = -0*f + 5*f + 30. Determine w(f).
-9
Let w(m) = -3 + 125*m + 127*m - 263*m. What is w(-3)?
30
Suppose 4*s - 2*t = 6, 2*s = -2*s - t + 3. Let o be 2 - (5 - (-3)/s). Let g be ((-4)/o)/(10/(-15)). Let m(b) = 5*b - 1. What is m(g)?
-6
Let t be -3*1*(-120)/(-72). Let u(j) = -j**2 - 3*j + 1. What is u(t)?
-9
Let r(n) = 16*n + 7 + 0*n - n**3 + 4 - 5*n**2 - 6*n**2 - 3*n. Give r(-12).
-1
Let u(r) = r**3 - 2*r**2 - 7*r + 5. Let s(g) = -3*g**3 + 5*g**2 + 21*g - 14. Let v(w) = 4*s(w) + 13*u(w). Determine v(7).
9
Let d(j) = -j**3 + 10*j**2 - 15*j - 6. Let q be d(8). Let x(w) = 27*w - 7*w - 7*w - w**q - 13 - 14*w. Calculate x(0).
-13
Let x(h) = -31*h + 9*h + 5*h + 16*h + 2. Let q(i) = -2*i**2 + i + 2. Let b be -2 + 1*4*1. Let g be q(b). What is x(g)?
6
Let z(y) be the third derivative of y**5/60 - y**4/3 + 5*y**3/6 + 3*y**2. Let l = 33 + -67. Let g = l + 39. Give z(g).
-10
Suppose x + 12 = -3*r, -9*x + 4*x = -5*r. Let g(o) = -2*o + 13. Determine g(r).
19
Let b(n) = -24*n - n**2 - 20 + 15 + 17*n. What is b(-7)?
-5
Let g(l) = l**2 + 1. Let a(u) = 2*u + 7. Let t be a(-3). Let o(w) = -w**2 - 3*w - 7. Let c(k) = t*o(k) + 3*g(k). Calculate c(4).
16
Let p = 6 + -4. Suppose -3*d + 5*v = -54, -p*v + 4*v = 6. Suppose 4*k + d - 11 = 0. Let h(z) = z**3 + 2*z**2 - 4*z - 2. What is h(k)?
1
Suppose -5*z = 5*p - 90, -z - 7*p + 10 = -8*p. Let v(b) = 12*b - 2*b**2 - b**2 - z*b + b**3 + 3 - b**2. What is v(2)?
-9
Suppose -5*y + 5*j + 65 = 0, 5*j = j + 20. Let s(h) = -8 - 3*h + y - 4 - 7. What is s(3)?
-10
Let t(o) = o**2 + 2*o - 4. Suppose 2*v + 0 = 4. Let g = 0 - v. Let q be t(g). Let k(n) = -n**3 - 4*n**2 + 2*n + 5. What is k(q)?
-3
Let u(z) = z - 9. Let k be u(18). Let m be (-3)/(k/(-42))*8/16. Let c(h) = -h**2 + 5*h - 6. Give c(m).
-20
Let z(a) = -a**2 - 4*a + 1. Suppose -4*w - 5*v + 10*v - 96 = 0, -4*w = 3*v + 96. Let g be 32/w*(-1 + 4). What is z(g)?
1
Suppose 0*r - 2*r + 4 = 0. Let j(i) be the first derivative of 3*i + 1/3*i**3 - 88 - 3/2*i**2. Give j(r).
1
Let m(f) = 3*f**3 - 5*f**2 + 6*f + 2. Let r(w) = 16*w**3 - 25*w**2 + 31*w + 9. Let t(a) = -11*m(a) + 2*r(a). Calculate t(5).
-24
Let l(q) = 2*q**3 - 6*q**2 + q + 4. Suppose 5*o + 9*r - 24 = 6*r, 0 = -4*o - r + 15. Let d be l(o). Let y(g) = -g**3 + 6*g**2 + 10*g - 3. Calculate y(d).
18
Suppose 0 = 4*h - 5*q + 389, -h + 89 = -2*h + 4*q. Let j = h - -106. Let o(d) be the first derivative of d**2/2 - 2*d - 1. What is o(j)?
3
Let y(r) = -8*r**3 + r. Let h = 10 - 8. Suppose h*n = 4*n + 2*s - 2, -s + 21 = 5*n. Suppose 0 = -n*l + 13*l + 8. Determine y(l).
7
Let m be 1/(-4) - (-245)/20. Let f be 2/(-8) + (-453)/m. Let c be (-4)/(-12) + f/6. Let v(w) = w**2 + 7*w + 4. Calculate v(c).
-2
Suppose -5*j - 4*q - 7 = -9, 5*q + 20 = 5*j. Let l(t) = 2*t**2 + 3 + t**3 + 3*t - 5*t - 2*t. Calculate l(j).
11
Let f(h) be the second derivative of h**5/60 + h**4/24 - h**3/6 + 2*h**2 + 13*h. Let w(g) be the first derivative of f(g). Calculate w(2).
5
Let b(v) = 1 + 6 + 138*v + 137*v + 0*v**2 + v**2 - 280*v. Calculate b(5).
7
Let a(q) = q**3 - 13*q**2 + 3*q - 42. Let l be a(13). Let y(w) = 2*w + 3*w**2 + 19 - 17 - 2*w**2. Determine y(l).
5
Let s(b) = -b**2 - 7*b - 8. Suppose 0 = 14*p + 2*p + 64. Determine s(p).
4
Suppose -9*n = -10*n - 3. Let d(i) = -12*i + 9. Let g(j) = -17*j + 1